15))/(1/(-5))?
15
What is the remainder when ((-1)/2)/((-3)/690) is divided by 15?
10
Let m(t) = 3*t - 1. Let o(l) = 3*l + 4*l - l - 1 - 3*l. Let k(c) = -4*m(c) + 5*o(c). What is the remainder when k(4) is divided by 6?
5
Let i(a) = a**2 - 6*a + 9. Let o be i(4). Calculate the remainder when 71 is divided by o/(2*3/108).
17
Suppose 7 - 17 = -3*o - 4*u, 2*u + 8 = 5*o. Suppose -620 = -5*m + o*v, 0 = 3*m - 4*m + 2*v + 124. Calculate the remainder when m is divided by 21.
19
Let s(y) = 3*y**2 - 4*y - 11. Let z(l) = -2*l**2 + 3*l + 11. Let b(n) = 5*s(n) + 6*z(n). Calculate the remainder when b(4) is divided by 16.
3
Let q(n) = -4*n + 9. Let m(j) = j. Let y(a) = 5*m(a) + q(a). Suppose -4*o + 4 = 4*b + 20, -o - 4 = 4*b. Calculate the remainder when 27 is divided by y(o).
2
Let d be (-3 - 1)*39/(-2). Suppose -3*m - 3*m = -d. Calculate the remainder when 2/(-4) + 147/6 is divided by m.
11
Suppose 0 = -2*h + 8 + 90. Let d(p) = -5*p - 5. Calculate the remainder when h is divided by d(-6).
24
Suppose -j + 3*l = -41, -2*j + l + 67 = -0*j. What is the remainder when 62 is divided by j?
30
Let q(i) = -4*i + 291. Calculate the remainder when q(7) is divided by 22.
21
Let b = -31 + 35. Suppose -6*k + 3*k - b*m = 356, 2*m = k + 122. What is the remainder when (k/(-5) + -4)/1 is divided by 12?
8
Suppose 2*d - 4*k = 88, 4*d - 8*k = -5*k + 201. What is the remainder when 483 is divided by d?
51
Suppose 2*s + 67 = -3*c, -5*s - c - 3*c - 164 = 0. Let d = 35 + s. Suppose 2*h + d = k + 28, -5*h - k + 45 = 0. What is the remainder when 27 is divided by h?
7
Suppose -5*x = 5*t, 0 = -2*t - 2*x - 2*x. Suppose t = -k + 2*k - 71. What is the remainder when k is divided by 18?
17
Suppose -6*b - 844 = -a - 9*b, 2543 = 3*a - 2*b. What is the remainder when a is divided by 85?
82
Suppose -5*j + 458 + 82 = 0. Suppose 0 = -2*k - 4*k + j. Calculate the remainder when 71 is divided by k.
17
Suppose 124 = 8*t - 4*t. Let c = -335 - -519. What is the remainder when c is divided by t?
29
Let s = -579 - -587. Let t = 105 + -66. Calculate the remainder when t is divided by s.
7
Suppose -2*g = -5*u - 29 - 106, -3*g + 219 = -2*u. Suppose -4*o + 41 = -39. What is the remainder when g is divided by o?
15
Let w = 18 + -33. What is the remainder when 2 + -6 - (7 + w) is divided by 1?
0
Suppose -13*y - 604 + 1878 = 0. Calculate the remainder when y is divided by 45.
8
Let q(k) = -k**2 - 20*k + 172. What is the remainder when 222 is divided by q(-24)?
70
Let f = -83 - -83. Let o(l) = -2*l**2 - 3*l + 2. Calculate the remainder when 37 is divided by o(f).
1
Suppose 2*p + 4*x = 30, 4*x + 3 = -5. Suppose 0 + p = -v. Let n = 30 + v. Calculate the remainder when 19 is divided by n.
8
Suppose -s + 1 = -12. Let m(d) = -d**3 + 8*d**2 - 6*d. Calculate the remainder when ((-1)/5)/(s/(-1235)) is divided by m(7).
5
Suppose -5*k + j + 512 = 0, 4*j + 7 = 19. Calculate the remainder when k is divided by 21.
19
Suppose i + i - 9 = -g, 2*g = -2. What is the remainder when (-1)/(3 - (-70)/(-23)) is divided by i?
3
Let a = 41 - 40. Let d = a + 3. Calculate the remainder when 5 is divided by d.
1
Suppose -7*c = -8*c - u + 5, 2*c - 8 = -4*u. Calculate the remainder when 84 is divided by c.
0
Calculate the remainder when 44 is divided by 248/7 + 1 + (-96)/224.
8
Let a(c) be the second derivative of c**3/3 - 11*c**2/2 + 10*c. Let n be a(-12). What is the remainder when n/(-10)*(0 - -10) is divided by 12?
11
Let g = 8 + -17. Let v(d) = d**2 + 10*d + 13. Let q be v(g). Suppose q*r + 2*x - 128 = -2*x, 5*x - 15 = 0. Calculate the remainder when r is divided by 15.
14
Let l(b) = b**3 + 5*b**2 + 5*b + 2. Let f = 31 - 22. Calculate the remainder when f is divided by l(-3).
4
Let b(a) = -a**3 + 11*a**2 - 9*a - 10. Let g be b(9). Suppose -25 = -6*v + g. What is the remainder when v is divided by 10?
6
Let n(b) = 3*b**3 - 17*b**2 + 19*b + 13. Let j(h) = h**3 - 8*h**2 + 9*h + 7. Let m(f) = -5*j(f) + 2*n(f). What is the remainder when m(-5) is divided by 11?
7
Let x(i) = -i + 18 + 5 + 3. Calculate the remainder when 42 is divided by x(9).
8
Let j = 178 + -115. Calculate the remainder when j is divided by (154/(-14))/((-1)/2).
19
Let r = -20 + 22. Suppose 8 - 14 = -r*l. Suppose -3*n - l*n + 36 = 0. What is the remainder when 16 is divided by n?
4
Suppose -391 = -7*y + 22. What is the remainder when y is divided by (-71)/(-8) + 11/88?
5
Suppose -141 = -5*o - 2*b, -4*o - 2*b + 120 = 2*b. Let c = o - 7. Let r(k) = 11*k**2 - k - 1. Calculate the remainder when c is divided by r(-1).
9
Calculate the remainder when 309 is divided by 203 - 193 - 0/(-2).
9
Suppose 8*j + 4*z = 11*j - 1143, -j = -2*z - 383. Calculate the remainder when j is divided by 42.
41
Let c(m) = 1 - 2*m - 2 - 2 + 3*m. Let u be c(3). Let q = u + 21. Calculate the remainder when q is divided by 12.
9
Suppose b + 0 - 6 = 0. Let g(j) = j**2 + j + 2. What is the remainder when g(4) is divided by ((0 - -2) + b)*1?
6
Let h = -14260 + 14311. Suppose 0 = -6*t + 5*t + 202. Calculate the remainder when t is divided by h.
49
Let o(h) = h**2 + 32*h - 28. Calculate the remainder when 6 is divided by o(-33).
1
Let n(s) = s**2 + 10*s + 6. Let p be n(-11). Suppose -u + c = 3*c - 36, -3*u + 141 = -5*c. Calculate the remainder when u is divided by p - (-1 - 12/(-4)).
12
Suppose -2*c + 5*u + 31 = 0, -69*c - 5*u = -65*c - 17. What is the remainder when c is divided by 3?
2
Suppose -5038*w - 972 = -5044*w. What is the remainder when w is divided by 15?
12
Let x(a) = -2*a - 69. Calculate the remainder when 522 is divided by x(-45).
18
Suppose 0 = 90*q - 91*q + 30. What is the remainder when 116 is divided by q?
26
Let r = 384 - 339. Calculate the remainder when 131 is divided by r.
41
Suppose 8*p + 35 = -5. Let j = p - -12. What is the remainder when 30 is divided by j?
2
Suppose v - 3*d = 3, 2*d + 11 = 4*v - 11. What is the remainder when 23 is divided by v?
5
Let z(i) = 837*i**3 - 5*i**2 - 2*i + 1. Calculate the remainder when z(1) is divided by 76.
71
Let k be (21/(-28))/((-3)/24). Calculate the remainder when (k - -84) + (-3)/(-1) is divided by 24.
21
Let r = 484 + -458. Calculate the remainder when 75 is divided by r.
23
Suppose u + 5 = 77. Suppose 3*o + o = u. Suppose -2*b - 10 = -150. Calculate the remainder when b is divided by o.
16
Let n(y) = 2*y - 14. Let m be n(7). Suppose -3*g - 3 = m, 2*g = -v - 4*v + 398. Calculate the remainder when v is divided by 41.
39
Suppose -18 = -5*n + 2*n. Suppose -3*b + 5*s = -37, 5*b + 17*s - 5 = 14*s. Calculate the remainder when n is divided by b.
2
Let j = -58 - -83. Suppose -2*m + 3 = 5*c, -8*c + 3*c - j = -5*m. Suppose l = 19 - m. What is the remainder when 43 is divided by l?
13
Suppose 0 = 3*v - 2*z + 72, -v - 19 = -2*z + 9. Let m = 22 + v. Suppose -k + 6*k - 55 = m. What is the remainder when 19 is divided by k?
8
Suppose 2*x + 2*x = 5*i - 910, 0 = 4*x + 20. Suppose 5*y - i - 82 = 0. Let n = -12 + y. Calculate the remainder when n is divided by 15.
10
Suppose 1 = -3*n - 2*n + 3*a, -4*n - 2 = -3*a. Let g(v) = 122*v + 1. Let d be g(n). Suppose -d = -2*j - 39. What is the remainder when j is divided by 15?
12
Suppose -3*n + 2*n + 11 = 0. Suppose 0 = -n*x - 11 + 1045. What is the remainder when x is divided by 48?
46
Let u(w) = 5*w - 2. Let h(r) be the first derivative of r**4/4 + 5*r**3/3 - 7*r**2/2 - 3*r + 8. What is the remainder when h(-6) is divided by u(1)?
0
Suppose -180*n + 224 = -173*n. Calculate the remainder when 105 is divided by n.
9
Suppose -3*j - d = -11, 4*d + 21 = 5*j - 3. Suppose -g - 2*g - 2*t = -116, 2*t = -j*g + 158. What is the remainder when g is divided by ((-24)/20)/(4/(-10))*5?
12
Let a(w) = -180 + 3*w - 3*w**2 + 180 + w**3. Let y be a(4). Suppose b = 1 + y. Calculate the remainder when 57 is divided by b.
28
Let h(l) = 992*l + 10 + 23 - 993*l. What is the remainder when h(-7) is divided by 15?
10
Suppose 0*b + 5*b - 5*l - 55 = 0, l = -5*b + 55. Suppose -5*p + p = 2*o - 14, 3*p + 3*o = 9. What is the remainder when 1 + -78*(-2)/p is divided by b?
7
Let v = 3 + -5. Let p = 2918 - 2895. What is the remainder when p is divided by (51/3 - 2) + v?
10
Let o be (-66)/((-9)/3) + 0. Suppose -o = 4*q + 14. Let m = q - -21. Calculate the remainder when 22 is divided by m.
10
Suppose 4*y + 5*i = 7 + 14, i - 17 = -4*y. Let q =